he prime factors of d(1).
41, 313
What are the prime factors of (-9 - -117)*810/6?
2, 3, 5
Suppose -61*k + 505996 + 1068359 = 261879. List the prime factors of k.
2, 3, 11, 163
Let h = -95 - -92. List the prime factors of (h + (-870)/(-4))/((-9)/(-12)).
2, 11, 13
Suppose -2290 = 6*p - 8*p. Suppose -p = -8*i - 9. List the prime factors of i.
2, 71
Suppose -5*g + 5*b - 3*b = -11025, 4*g + 2*b - 8838 = 0. Suppose g - 787 = 5*m. List the prime factors of m.
2, 71
Let z(f) = 40*f. Let o(x) = 1. Suppose -4 = j + 6. Let m(w) = j*o(w) - z(w). List the prime factors of m(-3).
2, 5, 11
Let l(f) = -f**3 + 30*f**2 + 10*f + 2. List the prime factors of l(16).
2, 1873
Suppose 4*w - 4 = 4. Let k(c) = -178*c**w + 2*c + 180*c**2 + 3*c - 3*c. What are the prime factors of k(2)?
2, 3
Suppose 3*n = 2*s + 26 - 5, 0 = 4*n + 3*s - 11. Suppose -n*o + 2*c + 978 = -264, 2*o + 4*c - 492 = 0. List the prime factors of o.
2, 31
Let b(z) = 880*z - 73. List the prime factors of b(28).
3, 19, 431
Let u = 472 + 139. Let d = -70 + u. What are the prime factors of d?
541
Let s be (-15)/25 - (-46874)/(-10). Let n = 6563 + s. What are the prime factors of n?
3, 5
Let j(x) = x - 3. Let c be j(0). Let w = -25771 + 27051. List the prime factors of 4/c - w/(-60).
2, 5
Let a be -4 - (258/(-3))/1. Let p(y) = -218*y**3 + y**2 + 5*y + 5. Let o be p(-1). Let u = o - a. List the prime factors of u.
137
Suppose 5*i - 155 - 350 = 0. Let m = i - 62. List the prime factors of m.
3, 13
Suppose -178*y + 172*y = 12. List the prime factors of (2532/(-30))/(y*(-4)/(-20)).
211
Let f be 2/((-8)/(-2))*-6. Let d(h) = -11*h**2 - 9*h - 2. Let c be d(f). Let o = -35 - c. List the prime factors of o.
3, 13
Let c(d) = d**3 - 5*d**2 - 2*d + 34. Let w(b) = b**3 - 5*b**2 - 4*b + 33. Let l(u) = -4*c(u) + 5*w(u). What are the prime factors of l(8)?
5
Let r(y) be the third derivative of -y**5/60 - 13*y**4/24 - 23*y**3/6 + 17*y**2 + 5. What are the prime factors of r(-7)?
19
Let f(o) = -o**2 - 12*o - 27. Let x be f(-8). Suppose 453 = 4*m + x*y, 354 = 3*m - 3*y + 2*y. List the prime factors of m.
3, 13
Suppose 18871 = 129*m - 6413. What are the prime factors of m?
2, 7
Suppose -o + 5*m + 31228 = 0, 186*o = 183*o - 4*m + 93589. What are the prime factors of o?
3, 3467
Let b(v) = 29*v**2 + 4*v - 20. Let c(g) = -29*g**2 - 5*g + 18. Let n(h) = -3*b(h) - 4*c(h). What are the prime factors of n(7)?
5, 293
Let j(g) = -11*g**2 - 8*g - 8. Let i be j(-8). Let m be i/(-3) + 1*-4. List the prime factors of (-10)/15 - m/(-3).
2, 5, 7
Let v = 28834 - 17837. List the prime factors of v.
7, 1571
Let j = 252 - 418. Let w = -306 + 193. Let r = w - j. What are the prime factors of r?
53
Suppose 22*n - 9*n = -112434 + 356717. What are the prime factors of n?
19, 23, 43
Suppose -18438 = -31*k + 153178. List the prime factors of k.
2, 173
Let v(q) = q**2 - 9*q. Let p be (-12)/54 - 166/(-18). Let i be v(p). List the prime factors of (-8)/(-12)*(9/2 - i).
3
Let c be ((-14)/(-6))/(-1)*-36. Suppose 244 = -3*j + 238. List the prime factors of (j/8)/((-3)/c).
7
Let w(k) = k + 9. Let o be w(-6). Suppose -o*y + 71 = 4*c, 4*c + 73 + 56 = 5*y. Suppose -y*m + 6*m + 1292 = 0. List the prime factors of m.
2, 17
Suppose 3*m - 229 = -2*u + 37, -u + 268 = 3*m. Suppose -2*v = 4*v - m. Suppose 191 = v*f - 79. What are the prime factors of f?
2, 3
Suppose 0*j - 2*j + 168 = 0. Let q = -566 + 540. Let b = j + q. List the prime factors of b.
2, 29
Suppose -2*s - 32 + 48 = 0. Suppose -260 + s = -l - 3*g, 2*g = 4*l - 1008. What are the prime factors of l?
2, 3, 7
Suppose -62*k = 2*s - 67*k - 58237, -2*k + 2 = 0. List the prime factors of s.
3, 17, 571
Let p(b) = -b + 3. Let g be p(-5). Suppose g*x = 6 - 54. Let t(v) = -v**3 - 3*v**2 - 8*v - 20. What are the prime factors of t(x)?
2, 17
Let i(m) = -m**2 - 17*m + 21. Let r(c) = -c**3 + 9*c**2 - 11*c + 6. Let j be r(8). Let u be i(j). Suppose -33 = u*l - 138. What are the prime factors of l?
5, 7
Suppose -5*f + 45949 = -3*m, 16*f - 18362 = 14*f - m. List the prime factors of f.
5, 11, 167
Let f be 28/6 + (-20)/30. Let r be (-19)/((7/70)/(f/10)). Let h = r + 141. List the prime factors of h.
5, 13
Suppose -531*k = -527*k + 808. Let p = k + 597. What are the prime factors of p?
5, 79
Suppose 0 = 2*f - 4*b - 179166, -3*b - 97402 = -3*f + 171320. What are the prime factors of f?
3, 5, 7, 853
Let b(s) = -72*s + 157. Let d(q) = -q + 5. Let o(v) = b(v) + 2*d(v). What are the prime factors of o(-8)?
3, 11, 23
Let c(g) = -g**2 + 9*g - 6. Let f be c(8). Suppose -61 - 39 = -f*n. List the prime factors of n.
2, 5
Let y(m) = -37*m + 5. Let n(p) = -3*p**2 + 5*p - 7. Let x be n(3). Let k = x + 16. List the prime factors of y(k).
2, 29
Suppose 13758 = 101*g - 98*g - 5*j, -g + 4586 = 3*j. List the prime factors of g.
2, 2293
Suppose 0 = -8*c - 32 - 24. Let n be (c + 8)/((-1)/(-50)) - 3. Let g = n - -50. What are the prime factors of g?
97
Let b = -152 - -138. Let g be 118/(-413) + (1 - (-290)/b). List the prime factors of g/15*-3 + 181.
5, 37
Let g be (4/(-10) - 305273/(-95)) + 0. Suppose -13*k = 8*k - g. List the prime factors of k.
3, 17
Let z(s) = 7029*s**2 + 7*s - 44. List the prime factors of z(2).
2, 3, 31, 151
Let m(c) = -4*c + 38. Let b be m(9). Suppose -b*g + 3420 = 28*g. What are the prime factors of g?
2, 3, 19
Suppose 0 = 25*z - 185304 + 30579. List the prime factors of z.
3, 2063
Suppose 2*f - 16214 = -4*s, -10*f + 15*f = 2*s + 40463. List the prime factors of f.
5, 1619
Let f = 361 + -355. What are the prime factors of (49 + -1)*(-2)/(-12)*f?
2, 3
Let j(i) = 2616*i**2 - 4*i - 2610*i**2 - 11 - 4*i. What are the prime factors of j(-7)?
3, 113
Let q = -70 + 59. List the prime factors of (-5428)/(-115) - (q/(-5) + -2).
47
Let j(d) = 323*d - 1930. List the prime factors of j(24).
2, 41, 71
Suppose 0 = -2*i - 149 + 27. Let f = i - -62. What are the prime factors of (243/(-6))/(f/(-2)*1)?
3
Let a = 627 + -300. Let o be (-10 + 12)/(-22) + (276/33)/4. Suppose 4*g = 3*x - a, 2*x + g - 218 = o*g. List the prime factors of x.
109
List the prime factors of ((-7)/(-14) - 0)*5334.
3, 7, 127
Let b(r) = r**3 - 16*r**2 - 34*r - 17. Let a be b(18). Suppose a*j - 12*j = 1687. What are the prime factors of j?
241
Suppose -1875242 = -63*a - 484643. What are the prime factors of a?
22073
Let p be (-4)/(-8)*-1*0 - -12. Suppose p*k + 9 = 15*k. Suppose 705 = 5*c + 3*i, c + k*i - 85 = 68. List the prime factors of c.
2, 3, 23
Let x be (-1015)/(-63) + (-1)/9. Suppose x*f = 7*f + 45. Suppose 0 = 3*v - f*g + 4 - 0, 5*v - 10 = 5*g. What are the prime factors of v?
7
Let u = -5750 - -17852. List the prime factors of u.
2, 3, 2017
Let s = -518 - -2808. List the prime factors of s.
2, 5, 229
What are the prime factors of (15/15 + -36)*457*-1?
5, 7, 457
Let k(h) = 513*h + 863. List the prime factors of k(30).
16253
Suppose 3*h = 5*h - 4*a + 16, -20 = 3*h - 5*a. Suppose 26*y - 21*y = h. What are the prime factors of 6 - (-1 - (y + -4))?
3
Suppose -379 = -5*f + 2*v, -3 = -2*v - 7. Let i(a) = -a + 3. Let d be i(0). Let s = f + d. What are the prime factors of s?
2, 3, 13
Let c(u) = u**2 + u. Let h(z) = z**3 + 22*z**2 + 26*z - 11. Let b(o) = 4*c(o) - h(o). Suppose -5*f - 310 + 225 = 0. What are the prime factors of b(f)?
2, 3
Let o(g) = 22*g + 25. Suppose 919*s - 80 = 917*s. List the prime factors of o(s).
5, 181
Let g = -211 + 220. Suppose -v = 5*x - 3700, -g*x - v + 2959 = -5*x. List the prime factors of x.
3, 13, 19
Let j = -36 + 70. Suppose j*a = 30*a + 2480. What are the prime factors of a?
2, 5, 31
Let b = 204 + -185. Suppose -b*a + 17*a = -520. What are the prime factors of a?
2, 5, 13
Suppose 9*s - 4 = 23. What are the prime factors of (18/(-3))/((-8)/28) - s?
2, 3
Suppose 70*n + 3*r = 72*n - 5056, 0 = -n - 3*r + 2501. What are the prime factors of n?
11, 229
Let f(u) be the third derivative of -15*u**6/4 + u**5/30 - u**4/6 - 2*u**3/3 - 10*u**2 + 3*u. What are the prime factors of f(-1)?
2, 113
Let c be (-6*(-2)/(-4))/(30/(-50)). Suppose c*p + 4 = -11, -5*g = -5*p - 1210. What are the prime factors of g?
239
Let t = -750 - -999. Suppose -4*o - t = -1653. List the prime factors of o.
3, 13
Suppose -24422 = 51*a - 27*a - 26*a. List the prime factors of a.
12211
Let i be (-13)/(-26) + (-6)/(-4). Let w be (341 - i)/(18/(-12)). Let s = w + 348. L